.
10
Calculate the remainder when 766 is divided by 207.
145
Calculate the remainder when 253 is divided by 26.
19
What is the remainder when 317 is divided by 152?
13
What is the remainder when 1082 is divided by 118?
20
What is the remainder when 155 is divided by 13?
12
Calculate the remainder when 31324 is divided by 7.
6
Calculate the remainder when 161 is divided by 15.
11
Calculate the remainder when 134 is divided by 40.
14
Calculate the remainder when 100 is divided by 48.
4
Calculate the remainder when 1652 is divided by 22.
2
Calculate the remainder when 1135 is divided by 373.
16
Calculate the remainder when 187 is divided by 96.
91
Calculate the remainder when 1521 is divided by 10.
1
What is the remainder when 65 is divided by 7?
2
Calculate the remainder when 461 is divided by 442.
19
What is the remainder when 233 is divided by 18?
17
What is the remainder when 30547 is divided by 26?
23
What is the remainder when 3287 is divided by 466?
25
Calculate the remainder when 6733 is divided by 7.
6
Calculate the remainder when 395 is divided by 51.
38
What is the remainder when 379 is divided by 375?
4
Calculate the remainder when 821 is divided by 103.
100
What is the remainder when 37 is divided by 23?
14
What is the remainder when 22798 is divided by 16?
14
Calculate the remainder when 612 is divided by 124.
116
What is the remainder when 86 is divided by 45?
41
Calculate the remainder when 417 is divided by 105.
102
Calculate the remainder when 29 is divided by 2.
1
Calculate the remainder when 174 is divided by 66.
42
Calculate the remainder when 979 is divided by 484.
11
Calculate the remainder when 232 is divided by 43.
17
Calculate the remainder when 2917 is divided by 128.
101
Calculate the remainder when 1060 is divided by 152.
148
What is the remainder when 54 is divided by 26?
2
Calculate the remainder when 142 is divided by 19.
9
What is the remainder when 481 is divided by 7?
5
What is the remainder when 1786 is divided by 128?
122
What is the remainder when 12597 is divided by 225?
222
What is the remainder when 27 is divided by 22?
5
What is the remainder when 66 is divided by 23?
20
Calculate the remainder when 99 is divided by 27.
18
Calculate the remainder when 23 is divided by 5.
3
What is the remainder when 51 is divided by 16?
3
What is the remainder when 30099 is divided by 7?
6
What is the remainder when 174 is divided by 10?
4
What is the remainder when 269 is divided by 59?
33
Calculate the remainder when 152 is divided by 42.
26
Calculate the remainder when 400 is divided by 133.
1
Calculate the remainder when 567 is divided by 25.
17
Calculate the remainder when 126 is divided by 24.
6
What is the remainder when 296 is divided by 7?
2
Calculate the remainder when 36 is divided by 6.
0
Calculate the remainder when 1393 is divided by 59.
36
What is the remainder when 1824 is divided by 76?
0
Calculate the remainder when 2774 is divided by 75.
74
Calculate the remainder when 957 is divided by 30.
27
What is the remainder when 431 is divided by 62?
59
What is the remainder when 28874 is divided by 165?
164
What is the remainder when 1837 is divided by 107?
18
What is the remainder when 893 is divided by 669?
224
Calculate the remainder when 1410 is divided by 200.
10
What is the remainder when 23 is divided by 7?
2
What is the remainder when 869 is divided by 71?
17
Calculate the remainder when 2618 is divided by 18.
8
What is the remainder when 180 is divided by 21?
12
Calculate the remainder when 232 is divided by 48.
40
Calculate the remainder when 426 is divided by 65.
36
Calculate the remainder when 139 is divided by 49.
41
What is the remainder when 304 is divided by 140?
24
Calculate the remainder when 4651 is divided by 245.
241
What is the remainder when 10617 is divided by 18?
15
Calculate the remainder when 643 is divided by 13.
6
What is the remainder when 573 is divided by 18?
15
What is the remainder when 320 is divided by 106?
2
What is the remainder when 2322 is divided by 75?
72
Calculate the remainder when 959 is divided by 64.
63
Calculate the remainder when 1591 is divided by 12.
7
Calculate the remainder when 737 is divided by 37.
34
What is the remainder when 108 is divided by 68?
40
Calculate the remainder when 195 is divided by 58.
21
Calculate the remainder when 2399 is divided by 12.
11
What is the remainder when 139 is divided by 38?
25
Calculate the remainder when 2682 is divided by 224.
218
What is the remainder when 111 is divided by 42?
27
What is the remainder when 1537 is divided by 1512?
25
Calculate the remainder when 740 is divided by 30.
20
What is the remainder when 100 is divided by 27?
19
What is the remainder when 434 is divided by 7?
0
Calculate the remainder when 57 is divided by 23.
11
What is the remainder when 954 is divided by 473?
8
Calculate the remainder when 147 is divided by 54.
39
Calculate the remainder when 12 is divided by 7.
5
What is the remainder when 186 is divided by 21?
18
What is the remainder when 377 is divided by 30?
17
What is the remainder when 170 is divided by 35?
30
Calculate the remainder when 673 is divided by 40.
33
What is the remainder when 376 is divided by 63?
61
What is the remainder when 473 is divided by 79?
78
What is the remainder when 389 is divided by 132?
125
What is the remainder when 58 is divided by 35?
23
What is the remainder when 986 is divided by 152?
74
Calculate the remainder when 757 is divided by 109.
103
Calculate the remainder when 2567 is divided by 2560.
7
Calculate the remainder when 400 is divided by 102.
94
What is the remainder when 310 is divided by 26?
24
What is the remainder when 51 is divided by 8?
3
What is the remainder when 56 is divided by 34?
22
What is the remainder when 32 is divided by 12?
8
What is the remainder when 1516 is divided by 37?
36
What is the remainder when 150 is divided by 19?
17
Calculate the remainder when 380 is divided by 68.
40
What is the remainder when 40 is divided by 6?
4
Calculate the remainder when 913 is divided by 303.
4
Calculate the remainder when 705 is divided by 31.
23
Calculate the remainder when 138 is divided by 26.
8
Calculate the remainder when 2189 is divided by 16.
13
Calculate the remainder when 2838 is divided by 8.
6
Calculate the remainder when 212 is divided by 18.
14
Calculate the remainder when 1265 is divided by 49.
40
What is the remainder when 398 is divided by 147?
104
What is the remainder when 405 is divided by 59?
51
Calculate the remainder when 106 is divided by 105.
1
What is the remainder when 301 is divided by 108?
85
Calculate the remainder when 2315 is divided by 38.
35
What is the remainder when 80 is divided by 21?
17
What is the remainder when 1611 is divided by 454?
249
Calculate the remainder when 845 is divided by 53.
50
What is the remainder when 19629 is divided by 6?
3
What is the remainder when 1052 is divided by 12?
8
What is the remainder when 107 is divided by 40?
27
What is the remainder when 258 is divided by 249?
9
Calculate the remainder when 353 is divided by 83.
21
Calculate the remainder when 466 is divided by 23.
6
What is the remainder when 29 is divided by 28?
1
Calculate the remainder when 370 is divided by 168.
34
What is the remainder when 205 is divided by 26?
23
What is the remainder when 1330 is divided by 56?
42
Calculate the remainder when 576 is divided by 292.
284
Calculate the remainder when 76 is divided by 22.
10
What is the remainder when 1090 is divided by 78?
76
What is the remainder when 404 is divided by 133?
5
What is the remainder when 139 is divided by 52?
35
What is the remainder when 640 is divided by 15?
10
What is the remainder when 9445 is divided by 141?
139
Calculate the remainder when 345 is divided by 87.
84
What is the remainder when 285 is divided by 29?
24
What is the remainder when 7568 is divided by 29?
28
Calculate the remainder when 3378 is divided by 87.
72
What is the remainder when 68 is divided by 5?
3
What is the remainder when 84 is divided by 29?
26
What is the remainder when 2357 is divided by 20?
17
What is the remainder when 685 is divided by 135?
10
Calculate the remainder when 460 is divided by 14.
12
Calculate the remainder when 1860 is divided by 29.
4
What 